hat is -1586 - -880327?
877631
In base 12, what is 32b68 - -542?
334aa
In base 4, what is -10130201020 - -10?
-10130201010
In base 13, what is 1169 + 725?
1891
In base 12, what is -3 + 41074556?
41074553
In base 10, what is 31225063 - -22?
31225085
In base 7, what is 1503 + -55360?
-53554
In base 14, what is -816ad + -d66?
-82635
In base 2, what is 1011001111011110000 + 1001000111000?
1011011000100101000
In base 8, what is 132 - -3144013?
3144145
In base 2, what is -11100100 - -111100001010101?
111011101110001
In base 14, what is -3189b + 118?
-31783
In base 11, what is 13aa24a + -2?
13aa248
In base 7, what is 2 - -3201345350?
3201345352
In base 2, what is -1010110101000011010 - 111011101000?
-1010111100100000010
In base 3, what is -1212011010000000 - 12?
-1212011010000012
In base 6, what is 2302105531 - 23?
2302105504
In base 11, what is 11151502 + -26?
11151487
In base 3, what is 20 + 200010110101221?
200010110102011
In base 16, what is -44d8c625 - -2?
-44d8c623
In base 10, what is 0 - 6409064?
-6409064
In base 11, what is 1557742 - -2?
1557744
In base 13, what is -5 - a4043a?
-a40442
In base 14, what is -11 + 18c95c7?
18c95b6
In base 14, what is 1b603 - 18b?
1b456
In base 8, what is 32740026 + 2?
32740030
In base 4, what is 320233122123 - 31?
320233122032
In base 16, what is 1ca1 + 35d8?
5279
In base 3, what is -12 + -20110122101001?
-20110122101020
In base 2, what is 10001101110011 - -100011001101110011?
100101011011100110
In base 9, what is 21 + -17160841?
-17160820
In base 11, what is -1097490 - 4?
-1097494
In base 5, what is -10 + -241021102?
-241021112
In base 15, what is -a653 + 24?
-a62e
In base 10, what is -418893 - -77?
-418816
In base 8, what is 4335041523 - 4?
4335041517
In base 12, what is -442 - -7996?
7554
In base 12, what is 104188 + 1?
104189
In base 2, what is 111111010 + 10000011000110101010?
10000011001110100100
In base 7, what is 1541 - -165511?
200352
In base 11, what is 9 + -4087a?
-40871
In base 8, what is 123164212 + 4?
123164216
In base 14, what is 3d0 + 6a445?
6a835
In base 9, what is -3614 + -670870?
-674584
In base 9, what is 7 - -171210743?
171210751
In base 13, what is 55b002b5 + -3?
55b002b2
In base 3, what is 11010002200202002 - 0?
11010002200202002
In base 2, what is -11100111000 + 101100000101111?
101000011110111
In base 11, what is 319 - -1971?
218a
In base 8, what is -262637336 + -12?
-262637350
In base 10, what is 3 + 3272931?
3272934
In base 10, what is 1739686 + -4?
1739682
In base 9, what is -421 + -15214?
-15635
In base 7, what is -3113 + 1615?
-1165
In base 15, what is 6 + -669251d?
-6692517
In base 15, what is 6 - eae30a?
-eae304
In base 5, what is 22401200133 - -1?
22401200134
In base 11, what is -4a5343 - 5a?
-4a53a2
In base 16, what is 0 - 175c1f67?
-175c1f67
In base 4, what is -111 + -203032030213?
-203032030330
In base 7, what is 22410604 - 0?
22410604
In base 14, what is 1 - 12757d?
-12757c
In base 15, what is -a6175 + 29?
-a614b
In base 16, what is -2 + 6e06d30?
6e06d2e
In base 15, what is -8 - -50404a?
504042
In base 8, what is 41 - 662024?
-661763
In base 9, what is 251736526 - -2?
251736528
In base 16, what is 2811a + 11?
2812b
In base 10, what is 6179308 - -17?
6179325
In base 11, what is 1434492a - 0?
1434492a
In base 13, what is -11011 - -cc?
-10c12
In base 10, what is 444 + -13549?
-13105
In base 14, what is 9a22a16 - -1?
9a22a17
In base 13, what is -9675 - 4545?
-10bba
In base 4, what is 200201002 + -3?
200200333
In base 9, what is 2755365 + 418?
2755784
In base 7, what is 10002 + 2132334?
2142336
In base 12, what is -20b8b + 93?
-20ab8
In base 15, what is c - 1cac340?
-1cac333
In base 5, what is -3 - -223214240?
223214232
In base 15, what is 49a4 + 481?
4e35
In base 2, what is -10001 + 1010001111000001110?
1010001110111111101
In base 3, what is 21221 + 1122121112?
1122220110
In base 15, what is 2 - 1c7596?
-1c7594
In base 14, what is -96 + -869ac?
-86a64
In base 9, what is 753 + -110822?
-110058
In base 14, what is -25289 - -167?
-25122
In base 7, what is 10 - -13422606?
13422616
In base 8, what is 6712 - -67043?
75755
In base 8, what is 4 + -271730252?
-271730246
In base 15, what is 18bd6 - 485?
18751
In base 10, what is 3547 - 537?
3010
In base 7, what is 3255 - 2556503?
-2553215
In base 14, what is 1 + -236bad?
-236bac
In base 10, what is -3414 + -4071?
-7485
In base 8, what is -1744 + 51307?
47343
In base 16, what is -6 - 799af0?
-799af6
In base 9, what is -8 - -3705107?
3705088
In base 4, what is -13 - 2223333131311?
-2223333131330
In base 5, what is -42204440 + -3114?
-42213104
In base 4, what is -23001323212012 + 1?
-23001323212011
In base 15, what is -34c + 1c68?
191b
In base 2, what is -1010101011101101 + 111011001110?
-1001110000011111
In base 12, what is 6 - -18956099?
189560a3
In base 16, what is 54 + 2461e?
24672
In base 5, what is -211 + -30403?
-31114
In base 13, what is 142b2a + -6?
142b24
In base 12, what is 43271 - 165?
43108
In base 7, what is 1242265 - -131?
1242426
In base 13, what is -3185b88 + 1c?
-3185b69
In base 7, what is 336 + 316431?
320100
In base 10, what is -5 + 1278173?
1278168
In base 5, what is 1 - -334043030?
334043031
In base 12, what is -21429 - -8944?
-146a5
In base 5, what is -142143 + -1420?
-144113
In base 15, what is -4ba266 + 13?
-4ba253
In base 15, what is -11 - -25b7e?
25b6d
In base 3, what is -1021102 + 1020121?
-211
In base 14, what is -114c0 + 1a0?
-11320
In base 15, what is -2 - 31c850?
-31c852
In base 16, what is -4 + 1b16a6?
1b16a2
In base 3, what is 1021121122021200212 + 10?
1021121122021200222
In base 9, what is 15068747 - -51?
15068808
In base 5, what is -313230 - -122342?
-140333
In base 6, what is 12510135205 + 1?
12510135210
In base 4, what is 3020110310000 + 2?
3020110310002
In base 3, what is 2001002002211 - 11122?
2001001221012
In base 8, what is -2 - -127456462?
127456460
In base 13, what is 2 + 47cb932?
47cb934
In base 2, what is 10001010100101001001 + 111011?
10001010100110000100
In base 7, what is 3 + 23651245?
23651251
In base 16, what is afc6 - ca5?
a321
In base 4, what is -2333 + -101332221200?
-101332230133
In base 15, what is -31 + 2ae395?
2ae364
In base 5, what is -113043100 - -1020?
-113042030
In base 9, what is -283 - 86247?
-86541
In base 11, what is -1 + 7995a97?
7995a96
In base 4, what is 223202303 - -120?
223203023
In base 10, what is -2732792 - 37?
-2732829
In base 16, what is -968 + 2015?
16ad
In base 14, what is -2cdb34 - 11?
-2cdb45
In base 8, what is -5771231152 + -5?
-5771231157
In base 16, what is 12 - -14e589?
14e59b
In base 8, what is -162767 - -441?
-162326
In base 6, what is 131322341 - 5?
131322332
In base 11, what is 10 - 7700449?
-7700439
In base 5, what is -433101 - -1201230?
213124
In base 11, what is -2a376 + -766?
-30031
In base 5, what is 43402044 - -13143?
43420242
In base 12, what is 416823 - -67?
41688a
In base 9, what is 61247 - -37014?
108262
In base 13, what is -38898772 - 1?
-38898773
In base 10, what is 1437748 + 22?
1437770
In base 9, what is -122575 - -245?
-122330
In base 3, what is 221211121 + -201010?
221010111
In base 14, what is -3 - 7cc8a38?
-7cc8a3b
In base 4, what is 0 - 32313020311?
-32313020311
In base 8, what is 75572116 - 0?
75572116
In base 5, what is 220103 - -332301?
1102404
In base 14, what is 5 + ac3517?
ac351c
In base 9, what is -203 + 84448?
84245
In base 13, what is 40 + -37303?
-37293
In base 3, what is -1011020000 - 111102220?
-1122122220
In base 2, what is 10000101001001100111 - 100011?
10000101001001000100
In base 10, what is -873 + -131344?
-132217
In base 13, what is 14b6c1 - -12?
14b703
In base 3, what is -1010202 + 200021?
-110111
In base 4, what is 1223120 + -300203?
322311
In base 7, what is -41032035 + 1?
-41032034
In base 15, what is 155cc3 + 28?
155ceb
In base 8, what is 0 - -227474167?
227474167
In base 10, what is -318631 + -7?
-318638
In base 8, what is 20031 - 10275?
7534
In base 3, what is -2 + 2002211010110?
2002211010101
In base 3, what is 1 + 1011022220111012?
1011022220111020
In base 16, what is -58a - 86d77?
-87301
In base 8, what is -27261601 - 2?
-27261603
In base 3, what is -200201100 + -22211220?
-1000120020
In base 16, what is -2 + 3111eea?
3111ee8
In base 6, what is -2 - 1333003414?
-1333003420
In base 4, what is -203 - 113302